63 is divided by v?
29
What is the remainder when (-1)/((-1)/744*2) is divided by 282/((72/(-20))/((-159)/265))?
43
Let t = -2833 + 4090. Calculate the remainder when t is divided by 209.
3
Suppose 5*h - 5 = 0, 4*d + 27*h = 29*h + 530. What is the remainder when 1189 is divided by d?
125
Suppose -156482*t + 156505*t = 2001. Calculate the remainder when 5655 is divided by t.
0
Suppose 2*r + 5*u = 96, -r + 2*r = 2*u + 39. Let z = -28 + r. Let t = 13081 + -13041. What is the remainder when t is divided by z?
10
Let h = -336 - -342. Suppose -5*y - 27 = -42, -h = -5*f + 3*y. What is the remainder when 54 is divided by f?
0
Suppose s = -s + 34. Suppose -5*o + 3*k = -39, -2*o - 5*k - s = -5*o. What is the remainder when 16 is divided by o?
7
Suppose -3*t - 3*z + 24 = 0, 354*z = 351*z - 18. Calculate the remainder when 86 is divided by t.
2
Suppose 325 = 18*x - 881. What is the remainder when 1046 is divided by x?
41
Suppose 163 - 177 = 7*q. What is the remainder when 1*q - (-9 + (-684)/9) is divided by 16?
3
Let m(h) = -70*h + 5550. What is the remainder when m(14) is divided by 36?
34
Let v(z) = z**3 + 6*z**2 - 7*z + 1. Let a = 674 - 638. Calculate the remainder when a is divided by v(-7).
0
Suppose 16*t - 17*t = -242. Suppose 4*c - t - 98 = 0. Suppose m + 90 = 6*m. Calculate the remainder when c is divided by m.
13
Let w = 5652 - 1579. Calculate the remainder when w is divided by 194.
193
Suppose -8 = -2*q - s, 3*q = 4*s + s + 12. Suppose -42 = 65*k - 68*k. What is the remainder when q is divided by ((-6)/(-2 - -4))/(-15 + k)?
1
Let g = 5100 + -4584. Let l(y) = 2*y + 24. What is the remainder when g is divided by l(-5)?
12
Let s(y) = -286*y + 1. What is the remainder when s(-2) is divided by 37726/1451*(-36)/(-13)?
69
Suppose -53*r - 2*h - 242 = -57*r, -4*r + 3*h + 247 = 0. What is the remainder when 122 is divided by r?
6
Let g = -3598 - -3869. Calculate the remainder when g is divided by 126.
19
Let i = 19490 + -19028. Calculate the remainder when i is divided by 12.
6
Let d(x) = -x**3 + 4*x**2 + 23*x + 17. What is the remainder when d(-12) is divided by 22?
21
Calculate the remainder when (-150 - -139) + 0 + 235 is divided by 154.
70
Let l = 561 + -555. What is the remainder when 219 is divided by 4 - 6*l/(-4)?
11
Let z(q) = 11*q**2 + 9*q - 3. Let j be z(-4). Let d = j + -82. Suppose 4*v - 4*t = -v + 72, v = 4*t + 24. Calculate the remainder when d is divided by v.
7
Let l = -52 + 321. Suppose 2569 = 155*i - 1183 + 1117. What is the remainder when l is divided by i?
14
Let v = -5 - -30. Let h(m) = -2*m**2 - 32*m - 22. Suppose 32 = -4*x + 4*j, 4*j + 94 = -5*x + 18. What is the remainder when h(x) is divided by v?
24
Suppose 11 = 7*w - 45. Let t be (75/(-20))/((-1)/(w/3)). Suppose 2*p - 3*p + t = 0. Calculate the remainder when p is divided by 7.
3
Calculate the remainder when 2 - 10/8 - 5645/(-4) is divided by 130.
112
Let f(x) = -32*x - 1327. Calculate the remainder when f(-45) is divided by 4.
1
Suppose -2*a + 201 = 19. Suppose 5*c = 0, -c - 493 = -q - 441. Calculate the remainder when a is divided by q.
39
Suppose 3 = -2*c + 13. Let u(l) = -l**3 + 17*l**2 - 15*l - 14. Let k be u(16). Let h(v) = 14*v. What is the remainder when h(k) is divided by c?
3
Suppose -9*t + 6*t = 1359. Let n = 778 + t. Suppose n + 15 = 4*v. Calculate the remainder when v is divided by 22.
19
Let c(y) = -5*y - 13. Let k be c(-5). Let r(t) = 2*t**3 - 6*t**2 + 7*t + 7. What is the remainder when r(3) is divided by ((-128)/k)/(2/(-3))?
12
Let p(x) = -2*x**2 + 22*x + 5. Let a be (-316)/(-28) - (-2)/(-7). Let y be p(a). Suppose -y*o = -166 + 41. Calculate the remainder when o is divided by 15.
10
Suppose -3*d - 3*i + 6 = 0, -2*d = 5*i - 0*i - 7. What is the remainder when 76 is divided by d?
0
Let o(f) = 4*f**2 - 3. Let u(b) = 3*b**2 - 5*b - 4. Let z be u(-1). Let d be o(z). Let v = 189 - d. Calculate the remainder when v is divided by 26.
24
What is the remainder when 700/(-5250) + (91054/15)/2 is divided by 16?
11
Let m = -21800 + 22156. Calculate the remainder when 2146 is divided by m.
10
Let k be 9 + (-2)/((-2)/5). Suppose -33*x = -k*x - 646. Calculate the remainder when 68 is divided by x.
0
Let t(c) = -11*c**2 - 137*c - 17. Suppose 0*q - 8*q - 96 = 0. What is the remainder when t(q) is divided by 4?
3
Suppose 12326 = -123*t + 151142 - 11511. Calculate the remainder when t is divided by 165.
45
Let w(q) = -3*q**3 - 12*q**2 + 11*q + 8. Suppose 2*h = -4*p + 6*p - 6, p - 23 = 5*h. What is the remainder when 48 is divided by w(h)?
20
Let w = 9 + -2. Suppose 5*f - 9 - 6 = 0, -2*u = -5*f - 49. Calculate the remainder when u is divided by w.
4
Suppose 38*m - 41*m + 426 = 0. Suppose -2*v + 3*o = -0*o - 49, -o = -5*v + m. What is the remainder when 51 is divided by v?
22
Suppose 0 = -0*c - c + 109. Suppose -9 = -6*u + 3*u, 2*t = -5*u + 25. Let h = 27 - t. Calculate the remainder when c is divided by h.
21
Let y be (-1 - 1)/((-62)/(-6) + -10). What is the remainder when 79 is divided by (2 - 3)*(y - -1 - 64)?
10
Suppose -z + 20 = z + 5*d, -4*z - d = -4. Suppose 4*m + 40 = 5*f, 33 = 4*f - z*m - 3*m. Calculate the remainder when 214 is divided by f.
10
Let o(l) = 11*l. Calculate the remainder when 2*(1638/28 - 14) is divided by o(2).
1
Suppose -8*y - 2 + 50 = 0. Suppose -267 = 3*m - y*m. Suppose -4*x + n = -m, -4 = -x - 4*n + 14. Calculate the remainder when x is divided by 2.
0
Suppose -2*a + 51 = w, -2*w - 84 = -4*a + 2*w. Let h(o) = 7*o + 5*o - 29 - 3*o + 5*o. Calculate the remainder when h(7) is divided by a.
21
Suppose -4*n - 3*f + 1185 = 0, -3*n = -3*f - 239 - 634. Calculate the remainder when n is divided by 30.
24
Let a(i) be the first derivative of -17/2*i**2 + 1/4*i**4 - 17*i - 30 - 6*i**3. Calculate the remainder when 62 is divided by a(19).
20
Suppose 4*o - 68 = -2*v, -132*v - 63 = -134*v + o. What is the remainder when 71 is divided by v?
7
Let k = -3108 + 3182. Calculate the remainder when k is divided by 19.
17
Suppose 10108 = 13*p - 51*p. Let h = 281 + p. Calculate the remainder when 119 is divided by h.
14
Let l(j) = 3*j**2 + 2*j - 1. Let u(m) = -3*m**3 - 4*m**2 - 2*m - 10. Let h be u(-3). Let q = -44 + h. Calculate the remainder when 39 is divided by l(q).
19
Let y be 4/18 - (-1370)/(-90). Let b be -116*(-2)/(-5)*y/12. Suppose -b = -19*v + 17*v. Calculate the remainder when 55 is divided by v.
26
Let l(k) = k**3 - 13*k**2 + 23*k - 11. Suppose 0 = -0*h + h - 11. Let m be l(h). Suppose m = -4*x + 3*x + 8. What is the remainder when 30 is divided by x?
6
Let k(u) = -7*u - 250. Suppose 2*a - 117 = 3. Calculate the remainder when a is divided by k(-38).
12
Let h = -1984 + 2023. Calculate the remainder when 502 is divided by h.
34
Suppose 4*q - 857 = -233. What is the remainder when 1/(-3 + q/51) is divided by (-57)/(-6) + (1 + 1)/4?
7
Let p = -23 + 60. Suppose -2*d - 4 = -218. What is the remainder when d is divided by p?
33
Let d = 31235 - 29759. Calculate the remainder when d is divided by 33.
24
Suppose -435*x + 109*x + 62872 = 11690. Calculate the remainder when 501 is divided by x.
30
Let h = 49 + -4. Suppose -h - 38 = -j. Calculate the remainder when j is divided by 12.
11
Let t(r) = r**2 - r + 458. Suppose -13*s - 5 = v - 15*s, 0 = 2*v + 3*s - 39. What is the remainder when t(0) is divided by v?
8
Let f(y) = 13*y - 8 - 13*y**2 + y**3 - 26*y + 3. What is the remainder when 44 is divided by f(14)?
8
Let p = -607 - -613. Suppose -251 = -p*m + 1. Calculate the remainder when 122 is divided by m.
38
Let u(m) be the first derivative of -15*m**4/4 + m**2 + 2*m - 116. Let r be (-3 + 3 + 1)*-1. What is the remainder when 27 is divided by u(r)?
12
Suppose 10*z + 21 = 51. Let w be 1048/18 + 2/(-9). Suppose -5*c + w = z. What is the remainder when c is divided by 3?
2
Suppose 96 + 24 = 5*h. Suppose 91 = -6*k + 91. Suppose -4*n - h = -l, -15 = -5*l - k*n - n. What is the remainder when 27 is divided by l?
3
Let p = 63 + -35. Suppose 1057 = -16*n + 5153. Suppose -154 = -5*f + n. Calculate the remainder when f is divided by p.
26
Let s = 50 - 48. Suppose 4*i + 52 = 2*c, -s*c + 4 = 4*i - 24. What is the remainder when c is divided by 11?
9
Suppose 13 = -f + 5*p - 2*p, -p - 1 = -3*f. Let m be (2 + 36/(-3))*(f + 2). Let w = m - -48. Calculate the remainder when 30 is divide